ose 0*z + p*z - 116 = 0. List the prime factors of z.
29
Let l be (100/(-6))/((-552)/(-108) + -5). Let d = 1208 + l. List the prime factors of d.
2, 23
What are the prime factors of -6*(2 + -1) + (93 - 88) + 5577?
2, 17, 41
What are the prime factors of 99/5*(-9 - (-74)/6)?
2, 3, 11
Let k(r) = 478*r**3 + 13*r**2 - 6*r + 4. List the prime factors of k(3).
13009
Let v(c) = c**2 - 4*c + 6. Let t be v(2). Let q be (3/t)/((-12)/(-24)). What are the prime factors of (q + -203)/(-2) - 4?
2, 3
Suppose 2*u + 24 = 272. Suppose 23*h = 1090 - u. List the prime factors of h.
2, 3, 7
Let q(y) = -y**3 + 40*y**2 - 69*y + 8. What are the prime factors of q(21)?
2, 3469
Suppose -2918453 = -194*v - 512359 + 3277136. List the prime factors of v.
3, 5, 7, 31
Let m(s) = -14*s + 97. Let b be m(-10). Let o be 8/4 - -1*1. Suppose 2*w = -4*r - 0*r + 182, o*w - 3*r = b. List the prime factors of w.
83
Let j = 30597 + -16443. List the prime factors of j.
2, 3, 7, 337
Let z(x) be the first derivative of 20*x**3/3 + x**2 - 2*x - 2. Suppose 3*r - 6*g + 9 = -5*g, 4*g - 20 = 4*r. What are the prime factors of z(r)?
2, 37
Let o = -38928 - 9231. List the prime factors of o/(-252)*4 - (-6)/(-14).
2, 191
Let z(k) = 88 - 32 - 3*k + 172 - 5. Let y = -170 + 170. List the prime factors of z(y).
223
Let d(w) = 69*w**2 + 82*w - 38. List the prime factors of d(-15).
53, 269
Let c(h) = 7515*h - 33. List the prime factors of c(1).
2, 3, 29, 43
Let s(d) = 8*d + 6. Let v(p) = -p - 1. Let g(k) = -3*s(k) - 21*v(k). Let o be g(2). What are the prime factors of ((-58)/2 + -2)*o?
3, 31
Let j(p) = p**2 - 15*p - 26. Let u be j(11). Let q be (-2)/(7/(u/4)). Suppose 708 = q*l + 203. List the prime factors of l.
101
Let c(o) = -22 - 23 - 15*o - 7*o. What are the prime factors of c(-16)?
307
Suppose -3*z = 15, 17*j + z - 17542 = 14*j. What are the prime factors of j?
5849
Let z(f) = -680*f - 4641. List the prime factors of z(-65).
13, 17, 179
Let k(c) = -3*c**3 - 31*c**2 - 167*c + 41. List the prime factors of k(-15).
2, 89
Suppose 0 = 2*t - 4*p - 18622 - 9498, t - 3*p = 14065. List the prime factors of t.
2, 5, 281
Let j(y) = 89*y**3 + 26*y**2 + 73*y + 8. What are the prime factors of j(7)?
2, 5, 101
Suppose -2*a = 2*c - 193 + 63, 0 = a + 4*c - 68. Suppose -a = u - 465. Suppose 3*s - 5*i = 257, -2*i - 3*i + u = 4*s. What are the prime factors of s?
2, 47
Suppose 109 = 4*g + 109. Suppose -5*q + 4 = -3*d + 1, -3*q + 1 = -2*d. Suppose g = q*w - 5*w + 150. What are the prime factors of w?
3, 5
Suppose -4*w = -3*m - 3682, 16*m - 11*m + 4605 = 5*w. List the prime factors of w.
919
Let u be 2/7 - 1468/(-7). Let c(y) = y**2 + 67*y - 212. Let s be c(-68). Let n = s + u. What are the prime factors of n?
2, 3, 11
Let f = 31165 + -18185. What are the prime factors of f?
2, 5, 11, 59
Suppose 9073 = 3*n - 147*o + 148*o, 2*o = -3*n + 9068. List the prime factors of n.
2, 17, 89
What are the prime factors of -6 - (1 - (-21)/(-12))*(5140 - 8)?
3, 7, 61
Suppose -2*j - 622862 = -11*j - 49*j. What are the prime factors of j?
10739
Suppose -x + 2*x = 11. Suppose -x*i = -20*i. Suppose w + 5*w - 1308 = i. List the prime factors of w.
2, 109
Let b(t) = 57*t + 67. Suppose 4*f - 4 = 2*c + 8*f, 0 = -5*c + 2*f + 38. List the prime factors of b(c).
409
Let k(y) = 4*y**2 + 21*y + 52. Let z be k(5). Let t(r) = -4*r**3 - 3*r**2 - 4. Let g be t(-3). Suppose 3*h = z - g. What are the prime factors of h?
2, 3, 5
Let j = 131 + -127. Let z be -406*((-4)/(8 - j))/(-1). Let o = -175 - z. List the prime factors of o.
3, 7, 11
Suppose -72938 + 21194 = -22*k. What are the prime factors of k?
2, 3, 7
Suppose -3*w + 4*p = -1375, 4*w - p - p - 1820 = 0. Let x = -217 + w. Let b = x + -159. List the prime factors of b.
7, 11
Suppose -255*f - 427290 = -10790490. What are the prime factors of f?
2, 5, 127
Let i = -38 - -63. Let s = -15 + i. Suppose s*h - 312 = 6*h. What are the prime factors of h?
2, 3, 13
Let a = -8532 - -12024. Suppose -2*p + a = 10*p. List the prime factors of p.
3, 97
Suppose 2*c + 20 = 7*c. Let m be c/(-1)*(0 + -1). Suppose -m*d - 3*z = -123, -2*z + 35 = d + 3*z. What are the prime factors of d?
2, 3, 5
Suppose -q = -6 + 4. Suppose w = -q*r + 1525, r + w - 3811 = -4*r. What are the prime factors of r?
2, 3, 127
Let k(d) = -5*d - 152. Let i be k(-30). What are the prime factors of 6/i*(-12552)/72?
523
Suppose 176 = -16*g + 1136. Let r = 259 - g. List the prime factors of r.
199
Let w(i) = 140*i**2 - 146*i + 3016. What are the prime factors of w(18)?
2, 11437
What are the prime factors of (-714)/392*7*(-644)/3?
7, 17, 23
Let m = 42787 + 13350. What are the prime factors of m?
73, 769
Let c(l) = -64*l**3 - 11*l**2 - 62*l - 7. Let s be c(-5). Suppose 16*i + s = 20*i. What are the prime factors of i?
3, 223
Suppose 18*f - 14*f - 8 = 0. Suppose f*c + m + 27 = 6*m, 9 = -4*c + m. Let h = c + 8. What are the prime factors of h?
7
Let g(c) = 48*c**2. Let f be g(-5). Suppose 0 = -2*l + 12*l - f. Suppose -4*n = -4*s - 504, n - l = 3*s - 0*s. What are the prime factors of n?
3, 43
Let u(a) = a**2 - 9*a - 94. Let g be u(15). List the prime factors of ((1 + 35)/g)/((-2)/76).
2, 3, 19
Let l = 19 + -2. Suppose 2244 = -0*p + l*p. List the prime factors of p.
2, 3, 11
Let h(z) = 25*z**2 - 147*z - 2354. List the prime factors of h(-16).
2, 7, 457
Let b(a) = 6*a**2 - 25*a + 18. Suppose 0 = -3*p + 20 - 5. Let h(k) = k**2. Let j(l) = p*h(l) - b(l). What are the prime factors of j(12)?
2, 3, 23
Let p be ((-7)/8)/(29/(-232)). Let d(y) = 3*y**3 - 8*y**2 - 3*y + 3. List the prime factors of d(p).
619
Suppose 0 = -3*p + 5*c + 12, 2*p + 4*c = c + 8. Suppose -x + 411 = -p*d, -4*x + 2*d - d = -1584. What are the prime factors of x?
5, 79
Suppose -416 = -69*s + 1938 - 8. List the prime factors of s.
2, 17
Let r(v) = 11*v**3 + 5*v**2 + 6*v + 8. Let y = -39 + 41. Let p(h) = 5*h**3 + 2*h**2 + 3*h + 4. Let m(c) = y*r(c) - 5*p(c). List the prime factors of m(-2).
2, 13
Let f(k) = 4*k**2 - 21*k - 18. Let c be f(-9). Suppose -1823 + c = -4*d + 5*h, 3*d + h = 1015. List the prime factors of d.
337
Suppose w = 5*k + 886, 312 = w + 3*k - 534. Let c = -19 + 24. List the prime factors of (c/((-5)/(-6)))/(21/w).
2, 3, 41
What are the prime factors of -5*(-4758)/(-9)*-12?
2, 5, 13, 61
Suppose -61245 = -5*g - 16*m + 14*m, -m = -4*g + 48983. What are the prime factors of g?
37, 331
Let u(c) = 8*c**2 - c - 2. Let k be 33*5/10*12/9. Let j(a) = a**3 - 22*a**2 - 2*a + 47. Let x be j(k). List the prime factors of u(x).
67
Let a(i) = 24*i**2 + 14*i - 1255. What are the prime factors of a(-34)?
3, 13, 23, 29
Suppose -u + 36 = 24*n - 21*n, 0 = 2*u + 4*n - 64. Suppose u*l - 7344 = 20*l. What are the prime factors of l?
2, 3, 17
Let w(k) = 3*k - 4. Let m(q) = -10*q + 12. Let l(y) = 2*m(y) + 7*w(y). Let f be l(7). What are the prime factors of f/(-5) + (-8980)/(-50)?
179
Let x(i) = 11*i - 69 - i**2 - 3*i + 27 + 29. Let o be x(5). Suppose 81 = o*n - 175. What are the prime factors of n?
2
Suppose 5*n - 588 = 2*n. Let b be (-2 - (-5)/2)/(14/n). Suppose -3*g - b*q = -6*q - 628, -640 = -3*g - 4*q. List the prime factors of g.
2, 13
Let h(v) = -311*v + 1454. What are the prime factors of h(-10)?
2, 7, 163
Suppose -4*m + 23 - 100 = -5*c, 0 = -3*c + 2*m + 45. Suppose -20 = 8*b - c*b. Suppose -10*g + 582 = -b*g. List the prime factors of g.
97
Suppose -r - 19*j + 20*j + 39491 = 0, 0 = -5*r + j + 197427. List the prime factors of r.
2, 9871
List the prime factors of ((-7540)/232)/((-2)/((-2920)/(-2))).
5, 13, 73
Let n = -82357 - -120085. What are the prime factors of n?
2, 3, 131
Suppose 123887 = 15*v - 130048. Suppose 9*l - v = -18*l. What are the prime factors of l?
3, 11, 19
Suppose 441*o - 66274 = 428*o. List the prime factors of o.
2, 2549
Let v(n) be the second derivative of -1/20*n**5 + 11/6*n**3 + 0 + 0*n**4 - 13/2*n**2 - 25*n. List the prime factors of v(-6).
137
Suppose -415 = -2*p + p. Suppose -4*m - 59 + p = 0. Suppose -3*q - 353 = -4*s - m, 3*s = -5*q + 198. List the prime factors of s.
2, 3, 11
Let x(b) = 6*b - 17*b - 14*b. Let t(d) = -d**2 + 48*d - 1. Let y be t(48). List the prime factors of x(y).
5
Let x be 82*(-1)/(-6) + 12/36. Suppose x*y - 128 = 13*y. Suppose -16 = 2*j - 4*d - y, 0 = 4*j + 2*d - 214. What are the prime factors of j?
2, 3
Let z = -54 + 35. Let o(i) = i*